185063
What are the prime factors of 1155226?
2, 577613
What are the prime factors of 26532138?
2, 3, 17, 467, 557
What are the prime factors of 8961984?
2, 3, 15559
List the prime factors of 1372278.
2, 3, 228713
What are the prime factors of 4940886?
2, 3, 823481
What are the prime factors of 1176532?
2, 7, 42019
List the prime factors of 101929.
101929
What are the prime factors of 568553?
509, 1117
What are the prime factors of 211093?
211093
List the prime factors of 1077690.
2, 3, 5, 35923
What are the prime factors of 583191?
3, 7, 9257
List the prime factors of 1620728.
2, 202591
List the prime factors of 1194628.
2, 101, 2957
What are the prime factors of 4660141?
1163, 4007
List the prime factors of 3624115.
5, 11, 131, 503
List the prime factors of 7688657.
53, 145069
List the prime factors of 811793.
97, 8369
What are the prime factors of 80863?
80863
What are the prime factors of 4367441?
13, 335957
What are the prime factors of 467254?
2, 307, 761
List the prime factors of 12264257.
1103, 11119
What are the prime factors of 4616691?
3, 59, 26083
What are the prime factors of 88254?
2, 3, 4903
What are the prime factors of 1798957?
17, 29, 41, 89
What are the prime factors of 184501?
17, 10853
What are the prime factors of 5946527?
2011, 2957
List the prime factors of 1486515.
3, 5, 113, 877
List the prime factors of 1377415.
5, 13, 21191
What are the prime factors of 544738?
2, 272369
List the prime factors of 143079.
3, 37, 1289
List the prime factors of 139643.
7, 19949
What are the prime factors of 10808907?
3, 149, 24181
What are the prime factors of 247175?
5, 9887
List the prime factors of 4035849.
3, 37, 103, 353
List the prime factors of 8622076.
2, 2155519
List the prime factors of 213590.
2, 5, 13, 31, 53
List the prime factors of 20595900.
2, 3, 5, 13, 5281
List the prime factors of 701.
701
List the prime factors of 63709.
63709
What are the prime factors of 5150535?
3, 5, 13, 61, 433
What are the prime factors of 1727038?
2, 719, 1201
List the prime factors of 1229801.
31, 39671
What are the prime factors of 1284461?
71, 79, 229
List the prime factors of 26033188.
2, 17, 311, 1231
List the prime factors of 317744.
2, 7, 2837
List the prime factors of 457901.
31, 14771
List the prime factors of 3362343.
3, 1120781
What are the prime factors of 7170202?
2, 13, 211, 1307
What are the prime factors of 595127?
13, 45779
List the prime factors of 7590539.
11, 71, 9719
List the prime factors of 851328.
2, 3, 739
List the prime factors of 108592.
2, 11, 617
List the prime factors of 4436770.
2, 5, 13, 34129
List the prime factors of 13856028.
2, 3, 23, 61, 823
What are the prime factors of 1437976?
2, 173, 1039
List the prime factors of 392828.
2, 98207
What are the prime factors of 1728481?
1728481
What are the prime factors of 17645683?
11, 109, 14717
What are the prime factors of 9146668?
2, 137, 16691
List the prime factors of 47441.
47441
List the prime factors of 11521995.
3, 5, 768133
What are the prime factors of 21031003?
7, 29, 211, 491
List the prime factors of 800160.
2, 3, 5, 1667
What are the prime factors of 367380?
2, 3, 5, 13, 157
What are the prime factors of 487417?
7, 179, 389
List the prime factors of 24756771.
3, 13, 103, 6163
What are the prime factors of 1264930?
2, 5, 126493
List the prime factors of 11148.
2, 3, 929
List the prime factors of 14545543.
14545543
What are the prime factors of 3641107?
23, 6883
What are the prime factors of 1904279?
13, 37, 107
What are the prime factors of 2221666?
2, 173, 6421
List the prime factors of 319156.
2, 73, 1093
List the prime factors of 269397.
3, 37, 809
List the prime factors of 519119.
519119
What are the prime factors of 18526707?
3, 23, 89501
List the prime factors of 37084293.
3, 17, 163, 1487
List the prime factors of 583985.
5, 116797
What are the prime factors of 680230?
2, 5, 68023
List the prime factors of 30202.
2, 15101
What are the prime factors of 3763992?
2, 3, 156833
List the prime factors of 8742250.
2, 5, 11, 17
What are the prime factors of 14727279?
3, 7, 701299
What are the prime factors of 19890888?
2, 3, 828787
List the prime factors of 6860908.
2, 43, 113, 353
What are the prime factors of 220869?
3, 11, 23, 97
List the prime factors of 988653.
3, 329551
What are the prime factors of 805866?
2, 3, 19, 7069
List the prime factors of 171694.
2, 85847
List the prime factors of 93351.
3, 29, 37
What are the prime factors of 31774533?
3, 7, 1513073
List the prime factors of 519183.
3, 7, 41, 67
List the prime factors of 1770985.
5, 271, 1307
List the prime factors of 33264703.
61, 587, 929
List the prime factors of 200526.
2, 3, 19, 1759
What are the prime factors of 547319?
101, 5419
List the prime factors of 804836.
2, 201209
What are the prime factors of 4668847?
59, 79133
What are the prime factors of 16464192?
2, 3, 85751
List the prime factors of 755055.
3, 5, 7, 17, 47
List the prime factors of 204624.
2, 3, 7, 29
What are the prime factors of 391986?
2, 3, 7, 17, 61
What are the prime factors of 8832306?
2, 3, 7, 113, 1861
List the prime factors of 846861.
3, 282287
List the prime factors of 5793512.
2, 347, 2087
List the prime factors of 7235466.
2, 3, 7, 19, 9067
What are the prime factors of 863165?
5, 172633
What are the prime factors of 257556?
2, 3, 13, 127
What are the prime factors of 665513?
19, 35027
List the prime factors of 930650.
2, 5, 7, 2659
List the prime factors of 741003.
3, 247001
What are the prime factors of 24863157?
3, 11, 251143
What are the prime factors of 738974?
2, 369487
What are the prime factors of 358491?
3, 7, 43, 397
What are the prime factors of 3309353?
3309353
List the prime factors of 4884565.
5, 7, 19937
What are the prime factors of 15560893?
167, 93179
What are the prime factors of 276022?
2, 29, 4759
List the prime factors of 19040956.
2, 11, 432749
List the prime factors of 811873.
499, 1627
What are the prime factors of 17099049?
3, 11, 518153
List the prime factors of 231731.
37, 6263
List the prime factors of 4273482.
2, 3, 131, 5437
List the prime factors of 228152.
2, 19, 79
List the prime factors of 307656.
2, 3, 4273
What are the prime factors of 196982?
2, 98491
What are the prime factors of 20814595?
5, 19, 151, 1451
List the prime factors of 363769.
7, 157, 331
List the prime factors of 595025.
5, 23801
What are the prime factors of 1498421?
43, 34847
List the prime factors of 33228.
2, 3, 13, 71
What are the prime factors of 173479?
283, 613
List the prime factors of 463386.
2, 3, 7, 11, 17, 59
What are the prime factors of 1342829?
1342829
What are the prime factors of 925931?
881, 1051
List the prime factors of 2934953.
7, 89, 673
List the prime factors of 1241661.
3, 413887
List the prime factors of 1443346.
2, 271, 2663
List the prime factors of 31659.
3, 61, 173
List the prime factors of 554291.
67, 8273
What are the prime factors of 232794?
2, 3, 479
What are the prime factors of 6408970?
2, 5, 431, 1487
What are the prime factors of 830317?
37, 22441
What are the prime factors of 1020092?
2, 255023
List the prime factors of 80002.
2, 13, 17, 181
List the prime factors of 490506.
2, 3, 29, 2819
List the prime factors of 6820770.
2, 3, 5, 11, 1879
List the prime factors of 3585375.
3, 5, 3187
List the prime factors of 4234455.
3, 5, 94099
What are the prime factors of 7860436?
2, 1965109
What are the prime factors of 58041?
3, 6449
What are the prime factors of 300697?
389, 773
List the prime factors of 2012055.
3, 5, 31, 4327
What are the prime factors of 385791?
3, 7, 18371
What are the prime factors of 1242917?
13, 67, 1427
List the prime factors of 613255.
5, 122651
List the prime factors of 17294839.
17294839
What are the prime factors of 131010?
2, 3, 5, 11, 397
List the prime factors of 7368976.
2, 460561
What are the prime factors of 25115?
5, 5023
What are the prime factors of 2696069?
2696069
What are the prime factors of 14408578?
2, 7204289
What are the prime factors of 11720903?
11720903
What are the prime factors of 1064275?
5, 42571
List the prime factors of 1704012.
2, 3, 17, 8353
List the prime factors of 186420.
2, 3, 5, 13, 239
List the prime factors of 105321.
3, 35107
What are the prime factors of 1369394?
2, 13, 31, 1699
List the prime factors 